z(o) = o**2 + 7*o - 4. What are the prime factors of z(i)?
2, 7
Let c = 12 + -5. Let h = 30 - c. What are the prime factors of h?
23
What are the prime factors of 12 - 8 - -8 - -3033?
3, 5, 7, 29
Suppose -13*j = -22*j + 6093. What are the prime factors of j?
677
Suppose 0 = -26*m + 23*m + 1575. List the prime factors of m.
3, 5, 7
Suppose -3960 = 4*j - 6228. List the prime factors of j.
3, 7
Let p(t) = 5*t**2 + 1. Let r be p(2). Suppose d = 4*c - r, -3*d - 2*c = -d - 8. List the prime factors of (-6 - -10)/(d/(-12)).
2, 3
Let a(k) be the second derivative of k**3/6 + 6*k. Let r be a(6). Suppose 0 = -r*h + 2*h + 188. List the prime factors of h.
47
Let j be (-2)/(-5) - 104/(-40). Let q = 1 - -45. Suppose -j*c - 10 = -q. What are the prime factors of c?
2, 3
Let c(h) = 3*h + 30. Let r(g) = 2*g + 32. Let o(j) = -3*c(j) + 2*r(j). List the prime factors of o(-6).
2
Let w(m) = -5*m**2 + 17*m + 29. Let u be 17/(-4) - (-3)/12. Let d(t) = 3*t**2 - 8*t - 15. Let j(l) = u*w(l) - 7*d(l). What are the prime factors of j(-9)?
2
Let w(u) = 2*u**3 - 7*u**2 - u - 9. List the prime factors of w(6).
3, 5, 11
Suppose 0 = -2*i - 2, -3*f + 385 = -f + i. What are the prime factors of f?
193
Let v be (-8)/(-14)*21/6 + 488. Suppose -12*h + v = -2*h. List the prime factors of h.
7
Let c(d) = d**2 - 11*d - 19. Let k be -1 + -3 - (-21 + 1). List the prime factors of c(k).
61
Suppose -21*u + 20*u = 4. Let a(l) = -l**3 + l**2 - 5*l - 5. What are the prime factors of a(u)?
5, 19
Let r be (-247)/4*-2 - 3/6. Let o = r - 14. List the prime factors of o.
109
Suppose 32 - 5 = -9*u. Let c(a) = -10*a + 12. What are the prime factors of c(u)?
2, 3, 7
Let o = -966 - -1611. Suppose 4*g - i = -o, 0*g = -3*g - i - 482. List the prime factors of (g/(-21))/((-2)/(-6)).
23
Suppose -4*q = -15 - 9. Let c be ((-3)/6)/((-1)/q). What are the prime factors of (-120)/(-18)*(c - 0)?
2, 5
Suppose 0 = 166*o - 174*o + 9144. List the prime factors of o.
3, 127
Let r(k) = -23*k - 43. Let u be (-12 - -3) + 0 + 2. What are the prime factors of r(u)?
2, 59
Suppose 1644 = 33*b - 2448. What are the prime factors of b?
2, 31
Let h(s) = 4*s**2 - 22*s - 10. What are the prime factors of h(7)?
2
List the prime factors of -3*(-2)/39 - 173400/(-975).
2, 89
Let r(w) = -w**3 - 4*w**2 - 5*w - 6. Let n be r(-3). Suppose n*u - 4*u + 180 = 0. What are the prime factors of u?
3, 5
Suppose -5*u + 510 = u. Let v = u - 162. Let l = -8 - v. What are the prime factors of l?
3, 23
Let s = -5 - -8. Let t(a) = 8*a**2 + 4*a - 4. Let q be t(s). List the prime factors of (2 - 1) + q/5.
17
Suppose -5*b + 1480 = 4*p, -3*p = -4*b + 538 + 646. Suppose -2*y + 298 = 4*k - b, -3*y = 3*k - 450. What are the prime factors of k?
3, 7
Suppose -c - l = l - 4, 0 = -3*c - 2*l + 4. Let b(z) = -3*z - 2*z - 4 - 2 + c. What are the prime factors of b(-2)?
2
Let c be -4*(-1)/2 + -3. Let f be 1 + -2 + (c - -10). Suppose -2*m - 4*y + 0*y + f = 0, 0 = 3*m - 4*y - 52. List the prime factors of m.
2, 3
Suppose -5*g + 30 = 2*t - 5, 2*g - 3*t + 5 = 0. Suppose -79 = 2*z - 5*z + f, g*z - 4*f - 127 = 0. What are the prime factors of z?
3
Suppose 0 = 4*a + 1292 + 348. What are the prime factors of ((-14)/(-35))/((-1)/a)?
2, 41
Let d(l) = -28*l - 7. Let h(c) = c. Let q(r) = -d(r) - 5*h(r). List the prime factors of q(2).
53
Suppose -7*z = -7714 - 7798. List the prime factors of z.
2, 277
Suppose 3*s + 15324 = 9*s. What are the prime factors of s?
2, 1277
Let z(t) be the first derivative of 9 + 3*t + 3/2*t**2. List the prime factors of z(10).
3, 11
Let x = -10 - -21. Let l = 32 - x. List the prime factors of l.
3, 7
Let o(w) = -w**2 + 18*w - 5. What are the prime factors of o(12)?
67
List the prime factors of ((-4347)/(-126))/(3/2).
23
Let c(u) = -44*u + 28. List the prime factors of c(-7).
2, 3, 7
Let n(d) = d**3 - 18*d**2 + 34*d + 22. Let k be n(16). Suppose 0 = 2*i - 118 - k. List the prime factors of i.
2, 43
Suppose -6 - 6 = -2*r. What are the prime factors of r?
2, 3
Let r(f) = 2*f + 1. Let i be r(1). Suppose -63 = -0*s - i*s. List the prime factors of s.
3, 7
Suppose -y + 104 - 36 = 0. Suppose 5*b - 495 = 5*a, -5*b + 515 = 2*a + 3*a. Let w = b - y. List the prime factors of w.
3, 11
Suppose -4*n - 16 = 0, -2*n + 1786 = 6*k - 4*k. What are the prime factors of k?
3, 13, 23
Let d = -19 + 21. Suppose d*o = 3*o - 28. List the prime factors of o.
2, 7
Let i = 2958 - 1635. List the prime factors of i.
3, 7
Let v = -192 - -285. Let z = -26 + v. List the prime factors of z.
67
Suppose 23*w + 4*w - 7641 = 0. What are the prime factors of w?
283
Suppose 5*x = 89 + 1. Suppose -6 - x = -p. Suppose -2*h = t - 75, -h + 0*t = -4*t - p. List the prime factors of h.
2, 3
List the prime factors of ((-46)/(-69))/(-1 + (-4822)/(-4818)).
11, 73
Suppose -20*s = -9074 - 19346. What are the prime factors of s?
7, 29
Let h = 56 + -33. Let g = h + -21. What are the prime factors of 2/(3/(99/g))?
3, 11
Suppose -p = 4*z - 28, -z + 3*p + p = -24. Suppose 4*x - z = -0. Let a(m) = 12*m**2 - 3*m + 2. What are the prime factors of a(x)?
2, 11
Let d(w) = 14*w**2 + 96*w - 5. List the prime factors of d(-11).
3, 211
Let h(g) = -2*g**3 + 49*g**2 + 47*g - 32. List the prime factors of h(24).
2, 11, 19
Let u = -210 - -1348. List the prime factors of u.
2, 569
Suppose 4720 = -5*c - 2*u + 13979, -4*u = 4*c - 7412. List the prime factors of c.
3, 617
Let v be (87/9)/(2/(-6)). Let g = v + 77. Suppose -g = -3*b - b. What are the prime factors of b?
2, 3
Let k be (16/(-20))/((-4)/20). Suppose 57 = k*u - 27. Suppose 0 = 19*i - u*i + 74. List the prime factors of i.
37
Let l(y) = y**2 - y - 3. Let h be l(-2). Let x(m) = 5*m**3 - 5*m**2 + 7. List the prime factors of x(h).
97
Suppose 3*l = 2*a + 4334, 8*l - 6*l - 2901 = -a. List the prime factors of l.
2, 181
Suppose 6 + 15 = -3*n. Let t = -7 - n. Suppose -4*d + 3*g + 112 = 0, d = -t*d + 2*g + 23. List the prime factors of d.
31
Let k(o) = -7*o**3 + 5*o**2 + 3*o. Let g be k(-2). Suppose 0 = -g*n + 71*n - 166. What are the prime factors of n?
2, 83
Suppose -4*o + 3*w = -1069, 3*o + w = 2*w + 803. What are the prime factors of o - (4 - -1)/1?
263
Suppose t + 312 - 316 = 0. Let v be ((-1)/2)/(2/(-20)). Suppose -l - t*l = 4*k - 162, -3*l = -v*k + 221. What are the prime factors of k?
43
Let l(r) = 9*r**2 - r + 5*r + 12 - 20 + r**3. List the prime factors of l(-8).
2, 3
Let o = 39 - 45. List the prime factors of (-374)/o + 8/12.
3, 7
Suppose 3*f + 2 = 8. Suppose 28 = -5*r - f. Let m(k) = -4*k - 5. What are the prime factors of m(r)?
19
Let i = 40 + 13. Let g = i - -6. List the prime factors of g.
59
Suppose 7 = 5*a - 3. Suppose -4*z + 7*z = a*k + 254, -z = 4*k - 108. Suppose 0*y + 2*y = z. What are the prime factors of y?
2, 11
Let t(h) be the third derivative of -h**5/60 + 3*h**4/8 + 2*h**3/3 + h**2. Let n be t(9). Suppose k - 18 = -n. List the prime factors of k.
2, 7
Let d(c) = 121*c**3 + 2. Let w be d(2). Suppose 14*u - 19*u = -w. List the prime factors of u.
2, 97
Let u(w) = 2485*w**2 - 3*w - 5. What are the prime factors of u(-1)?
13, 191
Let d = -3967 + 5779. What are the prime factors of d?
2, 3, 151
Let m(a) = 4 - 15*a**2 - a**3 - 4 + 5 - 3 - a. Let o be m(-15). Let u = -11 + o. List the prime factors of u.
2, 3
Suppose z - 14 = 5*o, -2*o = 2*z + 9 - 25. Let v(t) = 29*t - 7. List the prime factors of v(z).
2, 127
Let w(t) = t**2 + 4*t - 7. Let m be w(3). Let z be (4/6)/(m/147). Suppose 2*c = g - 5, -2*c + z*c + 17 = 4*g. What are the prime factors of g?
3
Suppose -2*g + 7328 = -4*j, -19*j - 10990 = -3*g - 15*j. List the prime factors of g.
2, 1831
Let c(p) = 2*p**2 + 7*p + 161. List the prime factors of c(-22).
3, 5, 13
Suppose 5*b - 31 = -c - 4, 3*c - 4*b - 176 = 0. Suppose 0 = 2*o - c - 172. What are the prime factors of o?
2, 7
Suppose -2*x = 4*t - 2408, -5*x + 5945 = 54*t - 59*t. What are the prime factors of x?
2, 3, 199
Suppose 18*l = 15*l + 18. Suppose 78 = 3*x + l. Suppose -2*j - 5*k + x = 0, 5 = 5*k - 15. What are the prime factors of j?
2
Let g be (-3 - 148/(-28)) + 4/(-14). What are the prime factors of 75 - (-5 + g - -7)?
71
Suppose -14*n + 10215 = 1899. List the prime factors of n.
2, 3, 11
Let g be 4 + (2 + -1)*1. Suppose -j + g*h + 18 = 3*h, -54 = -3*j - 3*h. What are the prime factors of j?
2, 3
Let i(y) = 4*y + 19. Let g = 14